ands digit of 5343329?
3
What is the ten millions digit of 2351303276?
5
What is the hundred thousands digit of 223478956?
4
What is the units digit of 846763828?
8
What is the ten thousands digit of 385138472?
3
What is the hundreds digit of 40031955?
9
What is the millions digit of 68429365?
8
What is the hundreds digit of 243989624?
6
What is the ten millions digit of 457463695?
5
What is the hundred thousands digit of 360087849?
0
What is the hundreds digit of 116732937?
9
What is the millions digit of 79667499?
9
What is the hundreds digit of 550564717?
7
What is the hundred millions digit of 707580766?
7
What is the hundreds digit of 341033953?
9
What is the ten millions digit of 108242516?
0
What is the thousands digit of 129533426?
3
What is the millions digit of 508715157?
8
What is the thousands digit of 92257402?
7
What is the thousands digit of 64807038?
7
What is the tens digit of 322455213?
1
What is the hundreds digit of 182794124?
1
What is the ten thousands digit of 181160344?
6
What is the hundred millions digit of 322947315?
3
What is the units digit of 16164458?
8
What is the tens digit of 153819661?
6
What is the millions digit of 41820346?
1
What is the millions digit of 78953248?
8
What is the hundred thousands digit of 41421869?
4
What is the ten thousands digit of 2613581377?
8
What is the hundred thousands digit of 141001301?
0
What is the hundred thousands digit of 1842795366?
7
What is the hundred millions digit of 5365628629?
3
What is the units digit of 789726016?
6
What is the ten thousands digit of 549109881?
0
What is the thousands digit of 39608346?
8
What is the millions digit of 682249591?
2
What is the millions digit of 50091078?
0
What is the hundred thousands digit of 42146275?
1
What is the hundreds digit of 306361345?
3
What is the ten thousands digit of 239869592?
6
What is the billions digit of 2289231675?
2
What is the millions digit of 1243221817?
3
What is the ten thousands digit of 12797666?
9
What is the hundreds digit of 1757832510?
5
What is the millions digit of 1847549144?
7
What is the ten thousands digit of 5335971?
3
What is the hundred thousands digit of 142859917?
8
What is the hundred thousands digit of 298820759?
8
What is the thousands digit of 181758018?
8
What is the units digit of 418831072?
2
What is the hundred millions digit of 824677899?
8
What is the hundred thousands digit of 1297076825?
0
What is the units digit of 579206291?
1
What is the ten millions digit of 409533026?
0
What is the hundreds digit of 368467067?
0
What is the units digit of 188377149?
9
What is the hundreds digit of 398022015?
0
What is the tens digit of 364677227?
2
What is the ten millions digit of 292579558?
9
What is the ten thousands digit of 214340639?
4
What is the ten thousands digit of 4400644802?
4
What is the tens digit of 974700787?
8
What is the units digit of 41263997?
7
What is the ten millions digit of 21960056?
2
What is the tens digit of 242980802?
0
What is the tens digit of 1156047417?
1
What is the millions digit of 144207186?
4
What is the ten millions digit of 30062340?
3
What is the ten millions digit of 56950935?
5
What is the tens digit of 1166746399?
9
What is the hundred millions digit of 291534248?
2
What is the ten millions digit of 489473312?
8
What is the hundred millions digit of 253597865?
2
What is the tens digit of 110733705?
0
What is the hundreds digit of 670753382?
3
What is the ten millions digit of 322596872?
2
What is the thousands digit of 5817679?
7
What is the hundreds digit of 1066372689?
6
What is the thousands digit of 24831648?
1
What is the hundred thousands digit of 178421764?
4
What is the ten millions digit of 104580769?
0
What is the ten thousands digit of 1583832030?
3
What is the tens digit of 18874819?
1
What is the hundred thousands digit of 7967800992?
8
What is the hundred thousands digit of 5886790094?
7
What is the hundreds digit of 791120126?
1
What is the billions digit of 4287445040?
4
What is the ten thousands digit of 6778722?
7
What is the ten thousands digit of 13696267?
9
What is the hundred thousands digit of 2671181611?
1
What is the ten millions digit of 301135264?
0
What is the tens digit of 16005725?
2
What is the hundred thousands digit of 2256315529?
3
What is the tens digit of 124129315?
1
What is the ten thousands digit of 3460736570?
3
What is the ten millions digit of 179596552?
7
What is the ten millions digit of 1185531919?
8
What is the ten millions digit of 307284531?
0
What is the hundreds digit of 66983255?
2
What is the thousands digit of 51123481?
3
What is the hundreds digit of 226753898?
8
What is the tens digit of 105330943?
4
What is the units digit of 1893301055?
5
What is the hundreds digit of 1330062971?
9
What is the ten millions digit of 73656135?
7
What is the ten thousands digit of 174442307?
4
What is the hundred millions digit of 185921656?
1
What is the tens digit of 156660892?
9
What is the millions digit of 731299479?
1
What is the hundred thousands digit of 352658387?
6
What is the ten millions digit of 2191970073?
9
What is the hundreds digit of 177826455?
4
What is the hundreds digit of 495240603?
6
What is the tens digit of 154080889?
8
What is the units digit of 17658357?
7
What is the ten millions digit of 499584785?
9
What is the hundreds digit of 593040805?
8
What is the units digit of 115371334?
4
What is the tens digit of 202005782?
8
What is the hundred millions digit of 6236325930?
2
What is the hundreds digit of 417285725?
7
What is the billions digit of 4171991560?
4
What is the tens digit of 417716421?
2
What is the units digit of 3488138183?
3
What is the ten thousands digit of 88268429?
6
What is the tens digit of 5733285281?
8
What is the units digit of 501183185?
5
What is the hundreds digit of 6263514670?
6
What is the tens digit of 128196974?
7
What is the hundreds digit of 71350199?
1
What is the thousands digit of 49864492?
4
What is the thousands digit of 1385206211?
6
What is the ten thousands digit of 272422208?
2
What is the hundred thousands digit of 294953322?
9
What is the ten thousands digit of 45816463?
1
What is the hundreds digit of 1028194635?
6
What is the units digit of 159545430?
0
What is the hundred thousands digit of 55201077?
2
What is the thousands digit of 1122287618?
7
What is the ten thousands digit of 1498865706?
6
What is the billions digit of 2803985172?
2
What is the thousands digit of 527372839?
2
What is the hundred millions digit of 803918022?
8
What is the thousands digit of 189577377?
7
What is the ten millions digit of 2959447963?
5
What is the millions digit of 5315966?
5
What is the millions digit of 10306337?
0
What is the units digit of 145951903?
3
What is the units digit of 40133589?
9
What is the tens digit of 436122405?
0
What is the tens digit of 169141300?
0
What is the tens digit of 223058?
5
What is the ten millions digit of 123010759?
2
What is the units digit of 9796529?
9
What is the millions digit of 18836596?
8
What is the tens digit of 7500949?
4
What is the tens digit of 120499234?
3
What is the hundred thousands digit of 86512907?
5
What is the units digit of 75540809?
9
What is the hundred millions digit of 647101300?
6
What is the hundreds digit of 550695372?
3
What is the ten millions digit of 27010262?
2
What is the ten thousands digit of 196260755?
6
What is the hundreds digit of 627433937?
9
What is the tens digit of 94603246?
4
What is the millions digit of 95962322?
5
What is the hundreds digit of 213606569?
5
What is the hundred millions digit of 3342016199?
3
What is the hundreds digit of 115010027?
0
What is the hundreds digit of 42127075?
0
What is the ten millions digit of 19308689?
1
What is the ten thousands digit of 177958395?
5
What is the millions digit of 56175951?
6
What is the millions digit of 168136773?
8
What is the units digit of 233016540?
0
What is the ten thousands digit of 367067233?
6
What is the hundreds digit of 1190732650?
6
What is the millions digit of 60256738?
0
What is the hundreds digit of 84009442?
4
What is the hundreds digit of 45969545?
5
What is the units digit of 48301461?
1
What is the hundreds digit of 85518506?
5
What is the ten millions digit of 1231170358?
3
What is the thou